s the greatest common divisor of b and 8?
8
Suppose 33 + 12 = 3*m. Let h(q) = q + 9. Let v be h(-6). Calculate the highest common factor of m and v.
3
Suppose -5*s + 954 = -9*r + 6*r, -4*r - 376 = -2*s. Calculate the highest common factor of s and 12.
12
Let s(t) = -t**2 - 18*t - 52. Let y be s(-8). Calculate the greatest common divisor of 224 and y.
28
Let o be (-1)/3 - (-10)/3. Calculate the greatest common divisor of 12 and o.
3
Let r(c) = -c + 7. Let t be r(-11). Calculate the greatest common divisor of 45 and t.
9
Let j = -3 + 5. Let p be ((-16)/5 + j)*-105. What is the highest common factor of 14 and p?
14
Suppose 3272 - 777 = 5*r. Let s = -257 + r. What is the greatest common divisor of 22 and s?
22
Let z(u) = -5*u. Let t be z(-2). Let b be t - 2/1 - 1. Let k = 40 + 16. Calculate the highest common factor of b and k.
7
Let g(m) be the second derivative of 4*m**3 + m. Let t be g(1). Suppose 5*k = 4*n + 14, -3*k + n = -0*n - 14. Calculate the highest common factor of k and t.
6
Suppose -4*n + 8 = 0, -4*n + 11 = g - n. What is the highest common factor of g and 5?
5
Suppose 2*n + 8 = 0, -2*t = -3*t + 4*n + 86. What is the greatest common factor of t and 10?
10
Suppose 3*n + 50 = -2*n. Let s = n - -21. What is the greatest common divisor of 77 and s?
11
Let v be (-228)/(-36) - (-1 + (-8)/(-6)). What is the greatest common divisor of v and 2?
2
Let t be (3 - 9/3)/1. Suppose t*n - 90 = -5*n. What is the greatest common factor of n and 45?
9
Let s be (-1)/(-4) - -2*95/8. Calculate the highest common divisor of 6 and s.
6
Suppose 0 = -2*r - 3*r. Let k be r/(-3 + 0) + 12. Calculate the highest common divisor of k and 108.
12
Suppose 0 = 2*t - 0*t - 12. Calculate the highest common divisor of t and 24.
6
Let q(u) = u**3 - 5*u**2 - 7*u - 10. Let h be q(8). Calculate the greatest common divisor of h and 14.
14
Let c be 2 - 2*4/(-8). Let m be (c - (-8 + -2)) + -3. What is the greatest common divisor of m and 90?
10
Suppose -z + m = 4*m - 17, 0 = 2*z - 4*m + 16. What is the greatest common factor of 1 and z?
1
Let c = 2 + 2. Suppose 0 = c*v - 3*t - 59, -3*v - t + 6*t = -47. What is the greatest common factor of 7 and v?
7
Suppose -2*b - 5*j = -26, -3*b - 3*j + 11 + 37 = 0. What is the greatest common divisor of b and 126?
18
Let i(f) = -17*f - 1. Let l be i(-1). Let h be -6*((-16)/(-3))/(-2). What is the greatest common divisor of l and h?
16
Let l = 157 + -76. Let x(d) = -d**3 + 2*d**2 + 2*d + 4. Let i be x(3). Suppose 19 = 2*u + i. Calculate the greatest common factor of u and l.
9
Let m(g) = -g**2 + 3. Let k be m(0). Suppose p - 3 = k. What is the greatest common factor of p and 18?
6
Let q(z) be the first derivative of z**3/3 + 7*z**2/2 - 4*z - 4. Let j be q(-8). What is the highest common divisor of 20 and j?
4
Suppose 2*z - 3*z = 4. Let b be (-1 - 2/z)*6. Let g be b - (-48)/(3 - 2). Calculate the highest common divisor of 30 and g.
15
Suppose 0*r - 2*c = -2*r + 70, -3*r = -5*c - 107. Let a = r - 21. Let q(b) = -b + 52. Let t be q(0). What is the greatest common divisor of t and a?
13
Let a(n) = -2*n**3 - n**2. Let f be a(-1). Suppose 3*u + 2*z + 5 = 24, 4*z - 11 = -3*u. What is the greatest common factor of f and u?
1
Suppose 2*n - 3*y + 16 = 51, 2*y = -2*n + 10. Suppose k + n = 3*k. Suppose -k*c + 16 = -c. What is the greatest common factor of c and 12?
4
Let a(i) = -i**2 + 19. Let y be a(0). Calculate the greatest common divisor of y and 152.
19
Let m = -284 - -181. Let r = -58 - m. What is the greatest common factor of 5 and r?
5
Let y = -78 - -143. Suppose -3*d = -4*s + 20, 5*d - 2*s + 39 - 1 = 0. Let h = 5 - d. What is the greatest common divisor of h and y?
13
Let y = 19 + -8. Calculate the greatest common divisor of y and 11.
11
Let j(m) = m**2 + 3*m + 6. Let u be j(-5). Let b = -13 + 37. Calculate the highest common factor of b and u.
8
Suppose 0 = 5*r + 2*h - 1090, 0 = 4*r - 4*h - 302 - 598. Calculate the greatest common factor of r and 88.
44
Suppose 4*n = -3*x + 4, 4*x - 2*x + 3*n = 2. Suppose 12 = 2*s - 2*a, -4*s - x*a = -0*a - 24. What is the greatest common factor of 12 and s?
6
Let t be 2 - 2/((7/(-2))/7). Calculate the highest common factor of t and 24.
6
Let f(a) = a**2 - 6*a - 1. Let w be f(7). Suppose 5*m - 75 = 2*i, m + 0*m - 15 = i. What is the greatest common divisor of w and m?
3
Let a(h) = h**2 - 6*h - 3. Let g be a(8). Calculate the greatest common factor of 52 and g.
13
Suppose 1 + 11 = 4*v. Let r be (-1 - -3)/(v/6). Calculate the greatest common factor of 4 and r.
4
Let s be (-4)/10 - 462/(-30). What is the greatest common divisor of s and 165?
15
Let n be (-26)/10 - 39/(-65). Let p(v) = -3*v**3 - 4*v**2 - 2*v + 1. Let a be p(n). What is the greatest common divisor of 52 and a?
13
Suppose 2*r - 5*h = 134, -220 = r - 5*r - 2*h. What is the highest common factor of 3 and r?
3
Let t(l) = 3*l**3 - 7*l**2 + l - 7. Let c be (-2)/6 - (-112)/21. Let r be t(c). What is the highest common factor of r and 18?
18
Suppose o - 3 = 0, -2*p + 9 = -o - 8. Calculate the greatest common divisor of 70 and p.
10
Suppose 9 = k + 4*n, 4*k + 0*n - 90 = 2*n. Let q(u) = -8*u + 25. Let h be q(-10). Calculate the highest common divisor of k and h.
21
Let b be (196/8)/(-7)*-10. Let y(z) = z**3 - 9*z**2 + 9*z - 3. Let q be y(8). Calculate the greatest common divisor of q and b.
5
Suppose -104 = -4*x + 16. Let j be (5 + -1)*45/4. Calculate the highest common factor of j and x.
15
Let g = 77 - 5. What is the greatest common factor of 24 and g?
24
Suppose -4*a - 5*c + 0*c - 4 = 0, 3*c = -3*a. Calculate the highest common factor of 6 and a.
2
Let p = -23 + 41. Calculate the greatest common divisor of p and 54.
18
Let x be (-55)/(-3) + (-13)/3 + 4. Calculate the greatest common factor of 6 and x.
6
Let t(q) = -20*q - 103. Let k be t(-6). What is the highest common factor of k and 68?
17
Suppose -5*d + 3*d = -14. Let p(u) = -u**3 + 6*u**2 + 4*u - 8. Let m be p(d). Let n = -17 - m. What is the highest common factor of n and 3?
3
Let s be (-2 + 5)*296/(-6). Let z be 0 - (0 + 2) - s. Suppose -4*u + z = -2*l, u + 3*u = 3*l + 149. Calculate the highest common factor of 14 and u.
7
Let m(a) = a - 1. Let d be m(3). Suppose 292 = 3*g - n, -d*n = -5*g - 0*g + 485. Calculate the highest common factor of 9 and g.
9
Let x be 1/(2 - 1119/561). Suppose -b + 3*b - 34 = 0. Calculate the greatest common factor of x and b.
17
Let d be (-4)/6*(-501)/(-2). Let m = 321 + d. Let v = -109 + m. Calculate the greatest common divisor of 15 and v.
15
Suppose 0 = -2*q + 83 + 25. What is the highest common divisor of q and 81?
27
Let i = 97 + -72. What is the highest common factor of 125 and i?
25
Let p be (21/28)/((-1)/(-24)). Calculate the highest common factor of p and 24.
6
Let q be 2/1*(-42)/(-2). Calculate the greatest common divisor of q and 6.
6
Suppose -p = -2*p + 19. Calculate the highest common divisor of p and 95.
19
Suppose 5*s - 2*s = -4*n + 7, 2*n = 2*s - 14. Suppose -4*x = -h - 40, h + s*x = x. Let a = h - -29. Calculate the greatest common divisor of a and 36.
9
Let x be 11/4 - (-4)/16. Suppose 0 = x*b - 1 - 23. Let v = 152 - 80. Calculate the highest common factor of b and v.
8
Let z = 423 + -222. Suppose -z - 239 = -5*q. What is the highest common factor of 11 and q?
11
Let b(r) = -r**2 - 4*r - 5. Let i be b(-5). Let u = -5 - i. What is the greatest common divisor of 1 and u?
1
Suppose -5*x + 30 = -50. Let y = x + -8. Suppose 0 = 16*m - 16. Calculate the greatest common factor of y and m.
1
Let q be 44/(7 + -5) - 0. What is the greatest common factor of q and 2?
2
Suppose 0*u = 5*u - 400. What is the highest common divisor of u and 20?
20
Let v(f) = 2*f**2 - 7*f - 2. Let h(l) = l**3 - l - 1. Let y(r) = 5*h(r) - v(r). Let s be y(2). Calculate the greatest common divisor of s and 3.
3
Suppose -6 = -f - 2*f. Suppose 2*w - 5*k + 0*k = -7, 0 = f*w + 4*k - 20. Suppose -w*h - h = -150. Calculate the highest common factor of 12 and h.
6
Suppose g = 4*g - 18. Suppose -2*f = -20 - g. Let j = 87 - 22. Calculate the greatest common factor of f and j.
13
Let r be 4/5 - -16*(-27)/(-10). What is the greatest common factor of 88 and r?
44
Suppose 2*b - 6 = -b. Suppose 6 = b*g - 0. Suppose -j + 16 = -h, -7*h + g*h = -3*j + 51. What is the highest common factor of 52 and j?
1